nd h.
1
Let u be -1 + (50 - (-3)/(4 + -1)). Suppose -9 = r - 29. What is the greatest common factor of u and r?
10
Let s be ((-3)/2)/(6/(-64)). Suppose 0 = -5*i + 316 + 399. Let n be (-4 - -3) + 2 + i. Calculate the highest common divisor of n and s.
16
Let d(m) = -m**2 - 44*m - 126. Let o be d(-40). Calculate the greatest common factor of o and 425.
17
Let x be 993/27 + (-4)/(-18). Let v = 516 + -368. Calculate the greatest common factor of x and v.
37
Let n be -36*(115/(-15) - 3). Suppose q = -3*q + n. Suppose 25*o - 27*o = -q. What is the greatest common divisor of o and 32?
16
Let z = 25 - 20. Suppose -4*o + 27 = -2*w - w, 57 = z*o + 4*w. Suppose 2*n + 54 = 3*n. What is the greatest common divisor of n and o?
9
Let o be (-8)/10*(-140)/8. Let z = 382 - 27. Suppose 4*v = z + 37. Calculate the highest common divisor of v and o.
14
Let l be (-5 + 22)*(-1 - -8). Suppose 3*r - 124 = 5*x, 2*x - l = -3*r + 6*x. What is the greatest common factor of r and 33?
33
Let r be ((-2)/(-4))/((-73)/(-2190)). What is the highest common divisor of 39 and r?
3
Let w(t) be the first derivative of -t**4/4 + 3*t**3 + t**2/2 + 6*t + 14. Let l be w(6). Calculate the highest common divisor of l and 48.
24
Let j be 80/28*(-77)/(-22). Suppose 4*t - 280 = -0*t. What is the highest common factor of j and t?
10
Let t be ((-25)/(-2))/((-6)/(-144)*6). Calculate the greatest common divisor of 450 and t.
50
Suppose 2*x + 139 - 183 = 0. Let i = 27 - x. Calculate the greatest common factor of 15 and i.
5
Suppose -h - h = 3*u - 92, 2*u - 3*h = 70. Calculate the highest common divisor of u and 12.
4
Let q = 247 + -200. What is the highest common divisor of 47 and q?
47
Let w be (0 - -29 - 1)*2. Suppose -2*r = -5*u - 28, 4*u + 70 = 29*r - 24*r. What is the highest common divisor of w and r?
14
Let n(i) = 16*i**2 - 8*i + 21*i**2 - 9 - 28*i**2 - 3*i - i**3. Let t be n(4). Let g = -5 - -8. What is the highest common factor of t and g?
3
Let q(g) = g**3 + 15*g**2 - 4. Let i be q(-15). Let p be (-3 - -12)/((-6)/i). Calculate the greatest common divisor of p and 3.
3
Let b(l) be the first derivative of l**2/2 + 12*l - 3. Let o be b(9). Calculate the greatest common divisor of 189 and o.
21
Suppose 3*b - 12 = 0, 5*f - 4*b = -1437 + 4756. What is the greatest common factor of f and 115?
23
Let r(d) = 4*d**2 - 12*d + 19. Let x be r(6). Let h = -86 + x. What is the highest common factor of 50 and h?
5
Let n be (-2 - (-42)/5) + 16/(-40). Suppose -n*w + 15 = -69. Suppose 4*v = -v + 140. What is the highest common factor of v and w?
14
Let c = 37 - 22. Let n(x) be the third derivative of -x**4/6 + 7*x**3 + 25*x**2. Let b be n(9). What is the highest common divisor of c and b?
3
Let h = 315 - 312. Calculate the highest common divisor of h and 12.
3
Let i(n) = -n**2 - 3*n - 4 - n**3 + 5*n + 0*n**2. Suppose -2 + 10 = -2*c. Let h be i(c). Calculate the greatest common divisor of h and 6.
6
Let x = 117 - -107. Calculate the highest common factor of 96 and x.
32
Let k = 31 + -18. Suppose -k = c - 33. Calculate the highest common factor of 80 and c.
20
Let o be 6/57 + 4434/114. Calculate the greatest common factor of 65 and o.
13
Let r(w) = w**3 + 6*w**2 - 6*w. Let a be r(-6). Suppose 0 = -196*h - 8*h - 94*h + 26820. Calculate the greatest common factor of h and a.
18
Let z(f) = f**3 - 13*f**2 + 34*f - 13. Let b be z(10). What is the greatest common divisor of b and 513?
27
Suppose -5*q = 57 + 18. Let k be (-363)/q - (-24)/30. What is the greatest common divisor of k and 275?
25
Let a = 1252 - 1122. Calculate the greatest common factor of 70 and a.
10
Let l = 1498 + -1474. Let k be (-1)/(-1) - (-334)/2. What is the greatest common divisor of l and k?
24
Suppose -1 + 7 = 3*h. Let i be 1/(-12) + 950/456. Calculate the highest common factor of i and h.
2
Let v be 4/6*(-30)/(-4). Let f be 8/9 + -1*(-1)/9. What is the greatest common divisor of v and f?
1
Let h = -377 - -972. Calculate the highest common divisor of h and 255.
85
Let j be 2/(1/(-2) + (-396)/(-824)). Let c = j - -106. What is the greatest common divisor of c and 3?
3
Suppose c - 17 = 156. Let x = 293 - c. Suppose -5*k + x = -5*i, 7*k - 2*k - 140 = -5*i. What is the highest common divisor of k and 208?
26
Let j(c) = -c**2 + 5*c - 4. Let f be j(3). Let r be f/(-6)*(-21)/1. What is the greatest common divisor of 28 and r?
7
Let u(r) = r**3 + 5*r**2 + r + 11. Let m be u(-5). Let v(c) = c**3 - 7*c**2 + 8*c. Let g be v(m). What is the highest common factor of 192 and g?
12
Suppose -10 = -5*g - f - 3, g - 4*f = 14. Let c = -10 - -12. Suppose -5*s = 5*h - 3*h - 106, s = -c*h + 18. Calculate the greatest common divisor of g and s.
2
Suppose 0 = -2*a + i + 103, 5*i + 138 = 4*a - 59. Calculate the greatest common factor of 1696 and a.
53
Let r be 1/(-4) - (-2 + (-40573)/52). Calculate the greatest common factor of 136 and r.
34
Suppose -2*y + o + 91 = 0, 2*o + 3*o = y - 23. Suppose j + 26 = 2*x - 0*j, -5*j + 26 = 3*x. Calculate the greatest common divisor of x and y.
12
Let q = 37 + -36. Let x(h) = 52*h - 2. Let m be x(q). What is the greatest common factor of m and 10?
10
Suppose -15 = -3*i, -3*a - 2*i - 7 = -152. What is the greatest common divisor of 135 and a?
45
Let g be -3 + (4 - (3 + -6)) + 2. Let u(i) = 2*i**2 - 7*i + 8. Let r be u(g). What is the highest common factor of 57 and r?
19
Let r = 404 + -152. Let u be 2/(-10) - (-1128)/40. Calculate the highest common divisor of r and u.
28
Suppose 11*z = -2*l + 16*z + 2, -4*l - 4*z = -60. Calculate the greatest common factor of l and 3.
1
Let v = 38 - 18. Let y be ((-6)/(-12))/(3/300). Calculate the highest common divisor of y and v.
10
Let p(d) = 2*d**2 - 12*d + 1. Let u be p(6). Let j be ((16/10)/u)/((-11)/(-330)). Calculate the highest common factor of 12 and j.
12
Let q = -8 + 12. Suppose -q*o = k + 4, k + 1 = -4*k - o. Suppose k = -3*j + 2*j + 5, 4*j = -v + 25. What is the greatest common factor of 5 and v?
5
Let u = 30 - 58. Let o = -1 - u. What is the greatest common divisor of o and 18?
9
Suppose -4*w + 1163 = 479. What is the greatest common factor of w and 190?
19
Suppose 3*n - 2*c - 228 = 0, -3*c - 308 = -3*n - 77. What is the greatest common divisor of 4 and n?
2
Suppose 6*p - 64 = 68. What is the highest common factor of p and 26?
2
Let f(y) = y + 33. Let t be f(16). Let o = 11 + t. Calculate the highest common divisor of 20 and o.
20
Suppose -4*x - 4 = 0, 4*c - x - 861 = -4*x. Let u = -23 - -23. Suppose 3*q - 2*f - 70 = 0, -95 = -4*q + f - u*f. Calculate the highest common factor of c and q.
24
Suppose 2*x - 34 = -2*q, -23 = -3*x + 4*q - 7. Let b be -13 + (14 - 5) - (-7)/1. Calculate the highest common divisor of b and x.
3
Let t be (-23 + 3)*(-44)/(-5). Let l = t - -301. What is the highest common factor of 25 and l?
25
Suppose -40 = -12*k + 32. Let p be 3/k*18 - (1 - -1). Calculate the highest common factor of p and 1.
1
Suppose 2142 = -69*u + 83*u. Calculate the highest common divisor of 68 and u.
17
Let w(q) = -35*q - 112. Let h be w(-14). Calculate the highest common factor of 27 and h.
27
Let v be 3/(4/((-56)/(-3))). Suppose -3*z = 2*b + 2*z + 86, 3*z = -4*b - 144. Let y be -3*2/b + (-760)/(-55). Calculate the greatest common divisor of y and v.
14
Suppose 3*q - 15 = -3, -4*q + 104 = 2*r. Calculate the highest common factor of r and 44.
44
Let k(d) = d**3 - 37*d**2 + 8*d + 44. Let j be k(38). Calculate the highest common divisor of j and 14.
14
Suppose 280 = 23*n - 1376. What is the greatest common divisor of 384 and n?
24
Let b(u) = 2*u**2 - 35*u + 96. Let p be b(15). What is the greatest common divisor of 9 and p?
3
Let f = 20 - 5. Let m = 36 - f. Suppose -2*z + 5*q + 14 = 0, 3*z = 2*q - 6*q + m. Calculate the highest common factor of 63 and z.
7
Suppose -4*s + 5*x + 16 = -s, 0 = -3*s - 5*x - 4. Let h be (1/s)/(6/60 + 0). What is the highest common factor of 25 and h?
5
Let k = 1816 - 934. Calculate the highest common divisor of 36 and k.
18
Let t(r) = -r + 3. Let m be t(3). Suppose m = -q + 6 - 7. Let s be (q - -3)/((-4)/(-16)). Calculate the greatest common factor of s and 64.
8
Let d(h) = 4*h**2 + 24*h - 16. Let n be d(-11). Calculate the highest common factor of 12 and n.
12
Suppose 2*u = 104 - 2. Calculate the highest common divisor of 68 and u.
17
Let m(h) be the 